 7*l + 7. What is x(6)?
1
Let u(b) = -b**3 + 10*b**2 - 10*b + 11. Determine u(6).
95
Let j(b) = b**3 + 4*b**2 - 3*b + 6. Calculate j(-5).
-4
Let j(l) = l**2 + 12*l + 5. What is j(-9)?
-22
Let z(n) = n**3 + 6*n**2 - 13*n - 21. What is z(-7)?
21
Let w(s) = 2*s - 7. Determine w(-5).
-17
Let o(t) = t**3 + 18*t**2 - 40*t - 3. Calculate o(-20).
-3
Let c(m) = -2*m - 4. Calculate c(8).
-20
Let z(k) = 4*k + 4. Give z(-10).
-36
Let w(n) = 2*n + 35. Calculate w(-20).
-5
Let c(d) = -d**2 - 20*d - 13. Give c(-17).
38
Let t(z) = 2*z**2 - 2. Calculate t(-2).
6
Let f(z) = 96*z**2 + z - 1. Determine f(-1).
94
Let f(w) = -w**2 - 6*w + 7. Give f(-5).
12
Let c(g) = -18*g**2 + g. Give c(-1).
-19
Let v(d) = -d**3 - 8*d**2 - 15*d - 3. Give v(-5).
-3
Let y(v) = v**2 - 19*v + 18. What is y(10)?
-72
Let z(s) = -s - 4. Give z(-4).
0
Let d(b) = 14*b + 2. Calculate d(-1).
-12
Let i(w) = w**3 - 17*w**2 + 30*w - 15. Calculate i(15).
-15
Let w(j) = -2*j**2 + 11*j + 10. Give w(6).
4
Let m(x) = 2*x - 6. Determine m(-4).
-14
Let s(l) = l**3 - 7*l**2 + 5*l - 3. Give s(4).
-31
Let r(m) = -11*m**2 - 13*m - 13. What is r(-1)?
-11
Let y(a) = -a**3 - 6*a**2 - 2*a + 11. Calculate y(-5).
-4
Let d(j) = -6*j**3 + j**2 - j + 2. Give d(1).
-4
Let u(a) = -a**3 + 19*a**2 - 18*a + 12. Calculate u(18).
12
Let p(l) = -23*l**2 - 109*l + 27. Determine p(-5).
-3
Let c(x) = -6*x**2 - 2*x. What is c(-2)?
-20
Let c(v) = -v**3 - 4*v**2 - 2*v + 7. Calculate c(-3).
4
Let o(r) = 4*r**3 + 3*r**2 + 8*r - 4. Give o(-2).
-40
Let r(y) = 14*y - 280. What is r(20)?
0
Let a(r) = r**3 - 5*r**2 + 9*r + 3. Determine a(4).
23
Let v(b) = 4*b**2 + 82*b + 36. Give v(-20).
-4
Let r(t) = 13*t**3 - t**2 - 1. Give r(-1).
-15
Let g(x) = -x**2 - x + 16. Calculate g(4).
-4
Let z(g) = 5*g - 55. Determine z(11).
0
Let q(d) = -d**3 - 12*d**2 - 11*d + 3. Give q(-11).
3
Let g(c) = 5*c**2 - 2*c. Give g(-1).
7
Let w(h) = -h**3 + 2*h**2 + 23. What is w(0)?
23
Let z(h) = 30*h - 152. Calculate z(6).
28
Let m(a) = -2*a**3 + 6*a**2 - 3*a + 4. Give m(3).
-5
Let r(x) = -14*x + 4. What is r(-3)?
46
Let h(r) = -r**2 - 10*r - 23. Give h(-7).
-2
Let t(m) = 2*m - 12. What is t(8)?
4
Let l(t) = -t. Give l(3).
-3
Let y(r) = 3*r**3 + r**2 - 2*r - 3. Give y(-2).
-19
Let y(g) = g**2 + 30*g - 28. What is y(-30)?
-28
Let v(r) = r**3 - 4*r**2 + 4*r - 9. Calculate v(4).
7
Let p(s) = s**3 - s**2 - s - 6. Determine p(0).
-6
Let t(s) = 2*s**3 + 91*s**2 + 45*s - 6. What is t(-45)?
-6
Let g(w) = -w**3 - 15*w**2 + 10*w - 75. Determine g(-16).
21
Let z(n) = -3*n + 1. Calculate z(4).
-11
Let n(z) = z**2 + 8*z + 5. Determine n(4).
53
Let d(t) = -32*t**2 + 2*t + 3. What is d(-1)?
-31
Let g(o) = -2*o + 2. Give g(-13).
28
Let n(o) = -o**2 - 11*o - 12. Give n(-8).
12
Let g(h) = -h**3 - 16*h**2 - 9*h + 103. What is g(-15)?
13
Let h(t) = 6*t - 11. Determine h(-8).
-59
Let c(u) = 40*u**2 + 3*u - 3. What is c(1)?
40
Let w(f) = f**3 - 19*f**2 + f - 27. Give w(19).
-8
Let o(t) = -t**3 - 14*t**2 + 17*t + 23. Determine o(-15).
-7
Let t(d) = -6*d + 2. What is t(4)?
-22
Let b(c) = 2*c**2 + 6*c + 5. Calculate b(-7).
61
Let r(f) = f**2 + 3*f + 7. What is r(-6)?
25
Let y(o) = -21*o**3 - o**2 - o - 1. Calculate y(-1).
20
Let w(z) = -z**2 - 2*z + 1. Determine w(4).
-23
Let m(o) = -4*o**3 - 2*o - 2. Calculate m(-1).
4
Let b(q) = -q**3 + 6*q**2 + 13*q - 81. Determine b(6).
-3
Let p(o) = -o**2 - o + 25. Calculate p(4).
5
Let r(s) = s**2 + 10*s. Give r(-10).
0
Let l(k) = k**2 - k + 5. What is l(0)?
5
Let b(u) = u + 16. What is b(0)?
16
Let y(a) = 4*a + 21. Calculate y(-4).
5
Let q(j) = -j**3 - 2*j**2 + 4*j + 4. Give q(-3).
1
Let w(f) = -7*f**2 + f. Calculate w(1).
-6
Let m(o) = 106*o + 1599. What is m(-15)?
9
Let g(r) = -2*r + 24. What is g(11)?
2
Let d(g) = 19*g + 67. What is d(-3)?
10
Let h(y) = -y**2 - 12*y - 34. Give h(-8).
-2
Let u(h) = -h**2 - 18*h - 75. Give u(-15).
-30
Let w(c) = -c**2 - 22*c - 13. Give w(-24).
-61
Let h(b) = b**3 - 4*b**2 - 6*b. What is h(5)?
-5
Let d(h) = -h**2 + h + 8. Determine d(0).
8
Let o(h) = -h**2 + 10*h - 20. Determine o(2).
-4
Let g(m) = m**2 + m - 2. Determine g(8).
70
Let z(r) = -r**2 - 2*r + 17. Calculate z(-8).
-31
Let p(d) = -d**3 - 8*d**2 - d - 7. Give p(-8).
1
Let b(u) = -119*u + 483. Give b(4).
7
Let l(m) = m**2 + 19*m + 23. What is l(-18)?
5
Let h(g) = g**3 + 12*g**2 + 11*g + 14. What is h(-11)?
14
Let p(q) = -6*q**2. Determine p(4).
-96
Let f(m) = 4*m + 111. Give f(-26).
7
Let r(v) = -3*v + 8. Determine r(-5).
23
Let l(f) = -f**3 - 7*f**2 + 6*f + 9. What is l(-6)?
-63
Let y(h) = 8*h + 141. Determine y(-16).
13
Let z(k) = 2*k**2 - 7*k + 43. What is z(8)?
115
Let g(r) = -7*r - 3. What is g(3)?
-24
Let r(m) = -2*m**2 + 28*m - 6. Calculate r(13).
20
Let o(c) = c**3 - 10*c**2 - 9*c + 3. What is o(11)?
25
Let q(d) = -d**2 - d - 4. What is q(0)?
-4
Let j(o) = o**3 - 27*o**2 - 23*o - 126. Calculate j(28).
14
Let f(s) = 54*s - 364. Determine f(7).
14
Let l(m) = -m**2 + m - 4. Give l(0).
-4
Let g(n) = -5*n**2 + 38*n - 15. Determine g(7).
6
Let k(h) = 4*h**3 + 5*h**2 - 3*h - 6. What is k(-2)?
-12
Let i(q) = -24*q**2 - q - 3. Calculate i(-1).
-26
Let c(t) = -t**3 + 11*t**2 - 9*t - 6. Give c(10).
4
Let n(l) = -l**3 + 5*l**2 - l + 7. Give n(5).
2
Let z(u) = -4*u + 28. Determine z(6).
4
Let x(i) = -i**3 + 3*i**2 + 2*i + 4. Give x(4).
-4
Let n(z) = -z**3 + 9*z**2 + 13*z - 30. Give n(10).
0
Let i(b) = -b**2 + 58*b - 305. What is i(6)?
7
Let m(f) = -2*f**2 + 10*f + 1. Give m(7).
-27
Let k(a) = -2*a - 57. What is k(-27)?
-3
Let m(q) = q**2 - 4. Determine m(-4).
12
Let d(x) = x**2 - 18*x. Determine d(12).
-72
Let i(s) = 2*s + 12. Determine i(-11).
-10
Let y(i) = i**2 + 7*i - 5. Calculate y(-7).
-5
Let k(b) = -b**3 + 4*b**2 + 2*b - 2. Give k(-2).
18
Let x(y) = 3*y - 36. Give x(4).
-24
Let i(a) = a**2 + 3*a - 9. Calculate i(4).
19
Let x(o) = -2*o**2 + 22. Calculate x(-3).
4
Let k(a) = a**2 + 5*a - 10. Calculate k(-7).
4
Let p(g) = -9*g - 51. Calculate p(-7).
12
Let y(p) = -p**2 + 3*p + 134. What is y(14)?
-20
Let q(u) = u**2 - 11*u + 26. What is q(7)?
-2
Let h(o) = -o**2 - 18*o - 12. Give h(-17).
5
Let c(v) = -13*v - 112. Determine c(-9).
5
Let g(d) = -d**2 + 23*d - 45. Calculate g(21).
-3
Let x(b) = b**3 - b**2 - 28. Give x(0).
-28
Let z(j) = -j**2 - 35. What is z(0)?
-35
Let v(b) = b**3 - 8*b**2 + 9*b + 5. What is v(7)?
19
Let o(x) = -x**3 + x**2 - 4*x + 3. Give o(1).
-1
Let j(c) = 47*c - 27. What is j(4)?
161
Let j(q) = -q + 26. What is j(0)?
26
Let g(s) = -s**3 + 9*s**2 + 5*s + 3. Determine g(10).
-47
Let d(w) = 2*w**2 - 6*w + 5. Calculate d(3).
5
Let r(z) = -6*z**2 - 5*z + 11. Calculate r(2).
-23
Let x(z) = z**3 + 4*z**2 + 3*z - 4. What is x(-3)?
-4
Let z(t) = -2*t**2 + 2*t - 3. Determine z(2).
-7
Let t(q) = 16*q**3 + q. Determine t(1).
17
Let n(x) = x**3 - 23*x**2 - 79*x + 4. Give n(26).
-22
Let x(w) = w**2 + 8*w + 17. Calculate x(-4).
1
Let p(u) = -33*u - 2. Give p(1).
-35
Let h(v) = 3*v + 10. Determine h(-10).
-20
Let o(c) = -6*c**3 - c**2 - 3*c - 3. What is o(-2)?
47
Let p(l) = -25*l - 119. Calculate p(-5).
6
Let k(y) = 18*y**3 - 2*y**2 + y - 1. Calculate k(1).
16
Let x(z) = z**2 + 15*z - 9. What is x(-8)?
-65
Let k(z) = -z**3 - 8*z**2 - 9*z - 11. Determine k(-7).
3
Let b(l) = 3*l + 10. Calculate b(0).
10
Let l(t) = -4*t - 18. What is l(-3)?
-6
Let z(x) = -x**3 + 50*x**2 - 2*x + 94. Determine z(50).
-6
Let b(k) = -5*k + 50. Determine b(11).
-5
Let a(n) = n**3 - 10*n**2 + 23*n - 13. Give a(8).
43
Let v(l) = -13*l - 310. Give v(-24).
2
Let r(n) = -n**2 - 11*n - 13. What is r(-9)?
5
Let t(q) = -q**2 + 27*q - 147. Give t(22).
-37
Let q(j) = -j**2 - 10*j + 6. Calculate q(-11).
-5
Let x(v) = -v**3 + 6*v**2 - 4*v - 3. What is x(5)?
2
Let y(d) = 5*d**2 + d + 7. Determine y(-2).
25
Let m(g) = -186*g - 540. Give m(-3).
18
Let m(i) = 6*i**2 - 62*i + 114. Calculate m(8).
2
Let f(h) = h**2 - 10*h - 171. Give f(-9).
0
Let j(m) = m**2 - 10*m + 10. Give j(7).
-11
Let x(o) = -o**3 + 7*o**2 - o - 3. Calculate x(7).
-10
Let j(b) = 3*b + 64. What is j(-15)?
19
Let b(l) = 2*l + 10. What is b(-15)?
-20
Let v(c) = -c**2 + 13*c + 27. Calculate v(15).
-3
Let c(z) = 2*z**2 + 4*z - 8. Determine c(-6).
40
Let j(k) = -k**3 - 2*k + 2. What is j(1)?
-1
Let x(f) = -f**2 - 15*f + 31. Give x(-17).
-3
Let h(u) = -u**3 + 4*u**2 + 5*u + 6. Determine h(5).
6
Let c(y) = -2*y**2 - 3*y +